{"id":375,"date":"2013-07-19T10:24:37","date_gmt":"2013-07-19T08:24:37","guid":{"rendered":"http:\/\/www.pfarre-ohlsdorf.at\/?page_id=375"},"modified":"2022-11-07T09:40:12","modified_gmt":"2022-11-07T08:40:12","slug":"kinderliturgiefamilienmessen","status":"publish","type":"page","link":"https:\/\/www.pfarre-ohlsdorf.at\/?page_id=375","title":{"rendered":"Kinderliturgie\/Familienmessen"},"content":{"rendered":"<p>Wir feiern die Gottesdienste nicht f\u00fcr die Kinder, sondern gemeinsam mit den Kindern. Sie sollen selber beteiligt und hinein genommen sein. Wir wollen den Kindern ein positives Erlebnis von Gottesdienst und Kirche vermitteln. Es werden deshalb leicht verst\u00e4ndliche Elemente eingebracht. Eine wichtige Rolle spielt dabei auch die rhythmische Musik.<\/p>\n<p>Es ist sch\u00f6n, wenn die Kinder gern kommen und von der Feier gest\u00e4rkt und froh weggehen. Aber auch von vielen Erwachsenen wird die Gestaltung gern angenommen und gesch\u00e4tzt.<\/p>\n<p style=\"text-align: center;\"><img loading=\"lazy\" decoding=\"async\" class=\"alignnone size-medium wp-image-6597\" src=\"https:\/\/www.pfarre-ohlsdorf.at\/wp-content\/uploads\/2020\/01\/Ferdinand-300x225.jpg\" alt=\"\" width=\"300\" height=\"225\" srcset=\"https:\/\/www.pfarre-ohlsdorf.at\/wp-content\/uploads\/2020\/01\/Ferdinand-300x225.jpg 300w, https:\/\/www.pfarre-ohlsdorf.at\/wp-content\/uploads\/2020\/01\/Ferdinand.jpg 416w\" sizes=\"auto, (max-width: 300px) 100vw, 300px\" \/> <img loading=\"lazy\" decoding=\"async\" class=\"alignnone size-medium wp-image-6598\" src=\"https:\/\/www.pfarre-ohlsdorf.at\/wp-content\/uploads\/2020\/01\/IMG-20180827-WA0002-300x225.jpg\" alt=\"\" width=\"300\" height=\"225\" srcset=\"https:\/\/www.pfarre-ohlsdorf.at\/wp-content\/uploads\/2020\/01\/IMG-20180827-WA0002-300x225.jpg 300w, https:\/\/www.pfarre-ohlsdorf.at\/wp-content\/uploads\/2020\/01\/IMG-20180827-WA0002-1024x768.jpg 1024w, https:\/\/www.pfarre-ohlsdorf.at\/wp-content\/uploads\/2020\/01\/IMG-20180827-WA0002-768x576.jpg 768w, https:\/\/www.pfarre-ohlsdorf.at\/wp-content\/uploads\/2020\/01\/IMG-20180827-WA0002-1536x1152.jpg 1536w, https:\/\/www.pfarre-ohlsdorf.at\/wp-content\/uploads\/2020\/01\/IMG-20180827-WA0002.jpg 1600w\" sizes=\"auto, (max-width: 300px) 100vw, 300px\" \/><\/p>\n<h5 style=\"text-align: center;\"><span style=\"color: #3366ff;\"><strong><span style=\"text-decoration: underline;\">Team:<\/span><\/strong><\/span><\/h5>\n<p>&nbsp;<\/p>\n<h5 style=\"text-align: center;\"><span style=\"color: #3366ff;\">Lucia Wolfsgruber<\/span><\/h5>\n<h5 style=\"text-align: center;\"><span style=\"color: #3366ff;\">Martina Neumayer-Tinhof<\/span><\/h5>\n<h5 style=\"text-align: center;\"><span style=\"color: #3366ff;\">Cornelia Rouha-M\u00fclleder<\/span><\/h5>\n<h5 style=\"text-align: center;\"><span style=\"color: #3366ff;\">Irene Pulwey<\/span><\/h5>\n<h5 style=\"text-align: center;\"><span style=\"color: #3366ff;\">Martina Aschauer<\/span><\/h5>\n<h5 style=\"text-align: center;\"><span style=\"color: #3366ff;\">Wir m\u00f6chten uns,<\/span><\/h5>\n<h5 style=\"text-align: center;\"><span style=\"color: #3366ff;\"><br \/>\nbei unseren vielen Unterst\u00fctzern <\/span><\/h5>\n<h5 style=\"text-align: center;\"><span style=\"color: #3366ff;\">und Mitwirkenden,<\/span><\/h5>\n<h5 style=\"text-align: center;\"><span style=\"color: #3366ff;\"><br \/>\naus der Pfarrgemeinde<\/span><\/h5>\n<h5 style=\"text-align: center;\"><span style=\"color: #3366ff;\">recht herzlich bedanken!<\/span><\/h5>\n<p>&nbsp;<\/p>\n<p style=\"text-align: center;\">Die Kinderliturgie ist nun auch per Email erreichbar:<\/p>\n<p style=\"text-align: center;\"><a href=\"mailto:kinderliturgie.ohlsdorf@gmail.com\">kinderliturgie.ohlsdorf@gmail.com<\/a><\/p>\n<p style=\"text-align: center;\">Wir freuen uns immer, wenn Kinder, Jugendliche oder auch Erwachsene<br \/>\nuns bei den Familienmessen unterst\u00fctzen &#8211; schreibt uns!<\/p>\n","protected":false},"excerpt":{"rendered":"<p>Wir feiern die Gottesdienste nicht f\u00fcr die Kinder, sondern gemeinsam mit den Kindern. Sie sollen selber beteiligt und hinein genommen sein. Wir wollen den Kindern ein positives Erlebnis von Gottesdienst und Kirche vermitteln. Es werden deshalb leicht verst\u00e4ndliche Elemente eingebracht. Eine wichtige Rolle spielt dabei auch die rhythmische Musik. Es ist sch\u00f6n, wenn die Kinder gern kommen und von der<\/p>\n","protected":false},"author":2,"featured_media":0,"parent":0,"menu_order":3,"comment_status":"closed","ping_status":"closed","template":"","meta":{"ngg_post_thumbnail":0,"_mc_calendar":[],"footnotes":""},"class_list":["post-375","page","type-page","status-publish","hentry"],"_links":{"self":[{"href":"https:\/\/www.pfarre-ohlsdorf.at\/index.php?rest_route=\/wp\/v2\/pages\/375","targetHints":{"allow":["GET"]}}],"collection":[{"href":"https:\/\/www.pfarre-ohlsdorf.at\/index.php?rest_route=\/wp\/v2\/pages"}],"about":[{"href":"https:\/\/www.pfarre-ohlsdorf.at\/index.php?rest_route=\/wp\/v2\/types\/page"}],"author":[{"embeddable":true,"href":"https:\/\/www.pfarre-ohlsdorf.at\/index.php?rest_route=\/wp\/v2\/users\/2"}],"replies":[{"embeddable":true,"href":"https:\/\/www.pfarre-ohlsdorf.at\/index.php?rest_route=%2Fwp%2Fv2%2Fcomments&post=375"}],"version-history":[{"count":15,"href":"https:\/\/www.pfarre-ohlsdorf.at\/index.php?rest_route=\/wp\/v2\/pages\/375\/revisions"}],"predecessor-version":[{"id":10017,"href":"https:\/\/www.pfarre-ohlsdorf.at\/index.php?rest_route=\/wp\/v2\/pages\/375\/revisions\/10017"}],"wp:attachment":[{"href":"https:\/\/www.pfarre-ohlsdorf.at\/index.php?rest_route=%2Fwp%2Fv2%2Fmedia&parent=375"}],"curies":[{"name":"wp","href":"https:\/\/api.w.org\/{rel}","templated":true}]}}

<p>Wir feiern die Gottesdienste nicht für die Kinder, sondern gemeinsam mit den Kindern. Sie sollen selber beteiligt und hinein genommen sein. Wir wollen den Kindern ein positives Erlebnis von Gottesdienst und Kirche vermitteln. Es werden deshalb leicht verständliche Elemente eingebracht. Eine wichtige Rolle spielt dabei auch die rhythmische Musik.</p>
<p>Es ist schön, wenn die Kinder gern kommen und von der Feier gestärkt und froh weggehen. Aber auch von vielen Erwachsenen wird die Gestaltung gern angenommen und geschätzt.</p>
<p style="text-align: center;"><img loading="lazy" decoding="async" class="alignnone size-medium wp-image-6597" src="https://www.pfarre-ohlsdorf.at/wp-content/uploads/2020/01/Ferdinand-300x225.jpg" alt="" width="300" height="225" srcset="https://www.pfarre-ohlsdorf.at/wp-content/uploads/2020/01/Ferdinand-300x225.jpg 300w, https://www.pfarre-ohlsdorf.at/wp-content/uploads/2020/01/Ferdinand.jpg 416w" sizes="auto, (max-width: 300px) 100vw, 300px" /> <img loading="lazy" decoding="async" class="alignnone size-medium wp-image-6598" src="https://www.pfarre-ohlsdorf.at/wp-content/uploads/2020/01/IMG-20180827-WA0002-300x225.jpg" alt="" width="300" height="225" srcset="https://www.pfarre-ohlsdorf.at/wp-content/uploads/2020/01/IMG-20180827-WA0002-300x225.jpg 300w, https://www.pfarre-ohlsdorf.at/wp-content/uploads/2020/01/IMG-20180827-WA0002-1024x768.jpg 1024w, https://www.pfarre-ohlsdorf.at/wp-content/uploads/2020/01/IMG-20180827-WA0002-768x576.jpg 768w, https://www.pfarre-ohlsdorf.at/wp-content/uploads/2020/01/IMG-20180827-WA0002-1536x1152.jpg 1536w, https://www.pfarre-ohlsdorf.at/wp-content/uploads/2020/01/IMG-20180827-WA0002.jpg 1600w" sizes="auto, (max-width: 300px) 100vw, 300px" /></p>
<h5 style="text-align: center;"><span style="color: #3366ff;"><strong><span style="text-decoration: underline;">Team:</span></strong></span></h5>
<p>&nbsp;</p>
<h5 style="text-align: center;"><span style="color: #3366ff;">Lucia Wolfsgruber</span></h5>
<h5 style="text-align: center;"><span style="color: #3366ff;">Martina Neumayer-Tinhof</span></h5>
<h5 style="text-align: center;"><span style="color: #3366ff;">Cornelia Rouha-Mülleder</span></h5>
<h5 style="text-align: center;"><span style="color: #3366ff;">Irene Pulwey</span></h5>
<h5 style="text-align: center;"><span style="color: #3366ff;">Martina Aschauer</span></h5>
<h5 style="text-align: center;"><span style="color: #3366ff;">Wir möchten uns,</span></h5>
<h5 style="text-align: center;"><span style="color: #3366ff;"><br />
bei unseren vielen Unterstützern </span></h5>
<h5 style="text-align: center;"><span style="color: #3366ff;">und Mitwirkenden,</span></h5>
<h5 style="text-align: center;"><span style="color: #3366ff;"><br />
aus der Pfarrgemeinde</span></h5>
<h5 style="text-align: center;"><span style="color: #3366ff;">recht herzlich bedanken!</span></h5>
<p>&nbsp;</p>
<p style="text-align: center;">Die Kinderliturgie ist nun auch per Email erreichbar:</p>
<p style="text-align: center;"><a href="mailto:kinderliturgie.ohlsdorf@gmail.com">kinderliturgie.ohlsdorf@gmail.com</a></p>
<p style="text-align: center;">Wir freuen uns immer, wenn Kinder, Jugendliche oder auch Erwachsene<br />
uns bei den Familienmessen unterstützen &#8211; schreibt uns!</p>

<p>Wir feiern die Gottesdienste nicht für die Kinder, sondern gemeinsam mit den Kindern. Sie sollen selber beteiligt und hinein genommen sein. Wir wollen den Kindern ein positives Erlebnis von Gottesdienst und Kirche vermitteln. Es werden deshalb leicht verständliche Elemente eingebracht. Eine wichtige Rolle spielt dabei auch die rhythmische Musik. Es ist schön, wenn die Kinder gern kommen und von der</p>
