{"id":5080,"date":"2018-05-02T20:07:53","date_gmt":"2018-05-02T18:07:53","guid":{"rendered":"https:\/\/www.pfarre-ohlsdorf.at\/?page_id=5080"},"modified":"2022-02-10T14:23:45","modified_gmt":"2022-02-10T13:23:45","slug":"trauer-und-sterbebegleitung","status":"publish","type":"page","link":"https:\/\/www.pfarre-ohlsdorf.at\/?page_id=5080","title":{"rendered":"Trauer und Sterbebegleitung"},"content":{"rendered":"<p><img loading=\"lazy\" decoding=\"async\" class=\"aligncenter wp-image-5081 \" src=\"https:\/\/www.pfarre-ohlsdorf.at\/wp-content\/uploads\/2018\/05\/Grafik-Margit-Neudorfer-e1525284441253.jpg\" alt=\"\" width=\"814\" height=\"193\" srcset=\"https:\/\/www.pfarre-ohlsdorf.at\/wp-content\/uploads\/2018\/05\/Grafik-Margit-Neudorfer-e1525284441253.jpg 1809w, https:\/\/www.pfarre-ohlsdorf.at\/wp-content\/uploads\/2018\/05\/Grafik-Margit-Neudorfer-e1525284441253-300x71.jpg 300w, https:\/\/www.pfarre-ohlsdorf.at\/wp-content\/uploads\/2018\/05\/Grafik-Margit-Neudorfer-e1525284441253-768x182.jpg 768w, https:\/\/www.pfarre-ohlsdorf.at\/wp-content\/uploads\/2018\/05\/Grafik-Margit-Neudorfer-e1525284441253-1024x242.jpg 1024w\" sizes=\"auto, (max-width: 814px) 100vw, 814px\" \/><\/p>\n<p>&nbsp;<\/p>\n<p style=\"text-align: center;\"><span style=\"font-size: 14pt;\">In der Sterbebegleitung geht es darum, Menschen in ihrer letzten Lebensphase zu tr\u00f6sten, ihnen beizustehen und r\u00fccksichtsvoll zu betreuen. <\/span><\/p>\n<p style=\"text-align: center;\"><span style=\"font-size: 14pt;\">Menschen jeden Lebensalters ben\u00f6tigen in dieser Zeit besondere Zuwendung und Unterst\u00fctzung. <\/span><\/p>\n<p style=\"text-align: center;\"><span style=\"font-size: 14pt;\">Die Angeh\u00f6rigen befinden sich meist selbst in einer Ausnahmesituation und sind oft nicht in der Lage den Sterbenden so zu betreuen, wie es gerade notwendig w\u00e4re.<\/span><\/p>\n<p style=\"text-align: center;\"><span style=\"font-size: 14pt;\"> H\u00e4ufig m\u00f6chten die Sterbenden ihre ohnehin<\/span><\/p>\n<p style=\"text-align: center;\"><span style=\"font-size: 14pt;\">mitgenommenen Lieben nicht zus\u00e4tzlich mit ihren \u00c4ngsten, Erwartungen und nicht erz\u00e4hlten Geschichten belasten. <\/span><\/p>\n<p style=\"text-align: center;\"><span style=\"font-size: 14pt;\">Ich m\u00f6chte den Sterbenden bis zuletzt ihre Autonomie, Schmerzfreiheit und Geborgenheit, wenn m\u00f6glich in ihrer vertrauten Umgebung erm\u00f6glichen. <\/span><\/p>\n<p style=\"text-align: center;\"><span style=\"font-size: 14pt;\">Mein Auftrag ist auch sensibel und neutral den Vermittler zwischen dem Sterbenden und seinen Angeh\u00f6rigen zB bei letzten W\u00fcnschen zu spielen.<\/span><\/p>\n<p style=\"text-align: center;\"><span style=\"font-size: 14pt;\">Trauer ist etwas zu tiefst Privates, Inneres, Schmerzliches. \u00dcber diesen Schmerz zu sprechen ist manchmal wie das Pflaster von einer Wunde zu nehmen: Vieles ist offen und verletzt.<\/span><\/p>\n<p style=\"text-align: center;\"><span style=\"font-size: 14pt;\"> Oft sind Menschen der Annahme, dass Trauer endet. S\u00e4tze wie \u201ebist du noch immer nicht dar\u00fcber hinweg?\u201c Oder \u201edenk nicht mehr daran, das Leben geht weiter\u201c sind meist keine gro\u00dfe Unterst\u00fctzung mit dem eigenen Schmerz besser umzugehen. <\/span><\/p>\n<p style=\"text-align: center;\"><span style=\"font-size: 14pt;\">Trauer endet tats\u00e4chlich nie, sie wandelt sich nur. <\/span><\/p>\n<p style=\"text-align: center;\"><span style=\"font-size: 14pt;\">Es ist wichtig vertrauensvoll gemeinsam \u00fcber die Trauer zu sprechen. <\/span><\/p>\n<p style=\"text-align: center;\"><span style=\"font-size: 14pt;\">Meine Aufgabe als Trauerbegleiterin besteht darin, die Trauernden in dieser schweren Zeit zu begleiten, f\u00fcr sie da zu sein und sensibel \u201ehinzuhorchen\u201c was jetzt gefragt ist.<\/span><\/p>\n<p style=\"text-align: center;\"><span style=\"font-size: 14pt;\">Meine Herkunft und meine Arbeit in Altenheimen bzw. Sozialreinrichtungen haben den Wunsch in mir geweckt, Menschen in diesen besonderen Lebensphasen zur Seite zu stehen.<\/span><\/p>\n<p style=\"text-align: center;\"><span style=\"font-size: 14pt;\">Ich freue mich \u00fcber Ihren Anruf zu einem ersten unverbindlichen Gespr\u00e4ch!<br \/>\n<\/span><\/p>\n<p style=\"text-align: center;\"><span style=\"font-size: 14pt;\">Ihre Margit Neudorfer<\/span><\/p>\n","protected":false},"excerpt":{"rendered":"<p>&nbsp; In der Sterbebegleitung geht es darum, Menschen in ihrer letzten Lebensphase zu tr\u00f6sten, ihnen beizustehen und r\u00fccksichtsvoll zu betreuen. Menschen jeden Lebensalters ben\u00f6tigen in dieser Zeit besondere Zuwendung und Unterst\u00fctzung. Die Angeh\u00f6rigen befinden sich meist selbst in einer Ausnahmesituation und sind oft nicht in der Lage den Sterbenden so zu betreuen, wie es gerade notwendig w\u00e4re. H\u00e4ufig m\u00f6chten die<\/p>\n","protected":false},"author":2,"featured_media":0,"parent":9364,"menu_order":29,"comment_status":"closed","ping_status":"closed","template":"","meta":{"ngg_post_thumbnail":0,"_mc_calendar":[],"footnotes":""},"class_list":["post-5080","page","type-page","status-publish","hentry"],"_links":{"self":[{"href":"https:\/\/www.pfarre-ohlsdorf.at\/index.php?rest_route=\/wp\/v2\/pages\/5080","targetHints":{"allow":["GET"]}}],"collection":[{"href":"https:\/\/www.pfarre-ohlsdorf.at\/index.php?rest_route=\/wp\/v2\/pages"}],"about":[{"href":"https:\/\/www.pfarre-ohlsdorf.at\/index.php?rest_route=\/wp\/v2\/types\/page"}],"author":[{"embeddable":true,"href":"https:\/\/www.pfarre-ohlsdorf.at\/index.php?rest_route=\/wp\/v2\/users\/2"}],"replies":[{"embeddable":true,"href":"https:\/\/www.pfarre-ohlsdorf.at\/index.php?rest_route=%2Fwp%2Fv2%2Fcomments&post=5080"}],"version-history":[{"count":2,"href":"https:\/\/www.pfarre-ohlsdorf.at\/index.php?rest_route=\/wp\/v2\/pages\/5080\/revisions"}],"predecessor-version":[{"id":5083,"href":"https:\/\/www.pfarre-ohlsdorf.at\/index.php?rest_route=\/wp\/v2\/pages\/5080\/revisions\/5083"}],"up":[{"embeddable":true,"href":"https:\/\/www.pfarre-ohlsdorf.at\/index.php?rest_route=\/wp\/v2\/pages\/9364"}],"wp:attachment":[{"href":"https:\/\/www.pfarre-ohlsdorf.at\/index.php?rest_route=%2Fwp%2Fv2%2Fmedia&parent=5080"}],"curies":[{"name":"wp","href":"https:\/\/api.w.org\/{rel}","templated":true}]}}

<p><img loading="lazy" decoding="async" class="aligncenter wp-image-5081 " src="https://www.pfarre-ohlsdorf.at/wp-content/uploads/2018/05/Grafik-Margit-Neudorfer-e1525284441253.jpg" alt="" width="814" height="193" srcset="https://www.pfarre-ohlsdorf.at/wp-content/uploads/2018/05/Grafik-Margit-Neudorfer-e1525284441253.jpg 1809w, https://www.pfarre-ohlsdorf.at/wp-content/uploads/2018/05/Grafik-Margit-Neudorfer-e1525284441253-300x71.jpg 300w, https://www.pfarre-ohlsdorf.at/wp-content/uploads/2018/05/Grafik-Margit-Neudorfer-e1525284441253-768x182.jpg 768w, https://www.pfarre-ohlsdorf.at/wp-content/uploads/2018/05/Grafik-Margit-Neudorfer-e1525284441253-1024x242.jpg 1024w" sizes="auto, (max-width: 814px) 100vw, 814px" /></p>
<p>&nbsp;</p>
<p style="text-align: center;"><span style="font-size: 14pt;">In der Sterbebegleitung geht es darum, Menschen in ihrer letzten Lebensphase zu trösten, ihnen beizustehen und rücksichtsvoll zu betreuen. </span></p>
<p style="text-align: center;"><span style="font-size: 14pt;">Menschen jeden Lebensalters benötigen in dieser Zeit besondere Zuwendung und Unterstützung. </span></p>
<p style="text-align: center;"><span style="font-size: 14pt;">Die Angehörigen befinden sich meist selbst in einer Ausnahmesituation und sind oft nicht in der Lage den Sterbenden so zu betreuen, wie es gerade notwendig wäre.</span></p>
<p style="text-align: center;"><span style="font-size: 14pt;"> Häufig möchten die Sterbenden ihre ohnehin</span></p>
<p style="text-align: center;"><span style="font-size: 14pt;">mitgenommenen Lieben nicht zusätzlich mit ihren Ängsten, Erwartungen und nicht erzählten Geschichten belasten. </span></p>
<p style="text-align: center;"><span style="font-size: 14pt;">Ich möchte den Sterbenden bis zuletzt ihre Autonomie, Schmerzfreiheit und Geborgenheit, wenn möglich in ihrer vertrauten Umgebung ermöglichen. </span></p>
<p style="text-align: center;"><span style="font-size: 14pt;">Mein Auftrag ist auch sensibel und neutral den Vermittler zwischen dem Sterbenden und seinen Angehörigen zB bei letzten Wünschen zu spielen.</span></p>
<p style="text-align: center;"><span style="font-size: 14pt;">Trauer ist etwas zu tiefst Privates, Inneres, Schmerzliches. Über diesen Schmerz zu sprechen ist manchmal wie das Pflaster von einer Wunde zu nehmen: Vieles ist offen und verletzt.</span></p>
<p style="text-align: center;"><span style="font-size: 14pt;"> Oft sind Menschen der Annahme, dass Trauer endet. Sätze wie „bist du noch immer nicht darüber hinweg?“ Oder „denk nicht mehr daran, das Leben geht weiter“ sind meist keine große Unterstützung mit dem eigenen Schmerz besser umzugehen. </span></p>
<p style="text-align: center;"><span style="font-size: 14pt;">Trauer endet tatsächlich nie, sie wandelt sich nur. </span></p>
<p style="text-align: center;"><span style="font-size: 14pt;">Es ist wichtig vertrauensvoll gemeinsam über die Trauer zu sprechen. </span></p>
<p style="text-align: center;"><span style="font-size: 14pt;">Meine Aufgabe als Trauerbegleiterin besteht darin, die Trauernden in dieser schweren Zeit zu begleiten, für sie da zu sein und sensibel „hinzuhorchen“ was jetzt gefragt ist.</span></p>
<p style="text-align: center;"><span style="font-size: 14pt;">Meine Herkunft und meine Arbeit in Altenheimen bzw. Sozialreinrichtungen haben den Wunsch in mir geweckt, Menschen in diesen besonderen Lebensphasen zur Seite zu stehen.</span></p>
<p style="text-align: center;"><span style="font-size: 14pt;">Ich freue mich über Ihren Anruf zu einem ersten unverbindlichen Gespräch!<br />
</span></p>
<p style="text-align: center;"><span style="font-size: 14pt;">Ihre Margit Neudorfer</span></p>

<p>&nbsp; In der Sterbebegleitung geht es darum, Menschen in ihrer letzten Lebensphase zu trösten, ihnen beizustehen und rücksichtsvoll zu betreuen. Menschen jeden Lebensalters benötigen in dieser Zeit besondere Zuwendung und Unterstützung. Die Angehörigen befinden sich meist selbst in einer Ausnahmesituation und sind oft nicht in der Lage den Sterbenden so zu betreuen, wie es gerade notwendig wäre. Häufig möchten die</p>
